{"id":27,"date":"2021-12-18T10:48:40","date_gmt":"2021-12-18T03:48:40","guid":{"rendered":"https:\/\/nhathongminhcp.com\/?page_id=27"},"modified":"2021-12-24T23:01:24","modified_gmt":"2021-12-24T16:01:24","slug":"thiet-ke-nha-thong-minh","status":"publish","type":"page","link":"https:\/\/nhathongminhcp.com\/index.php\/thiet-ke-nha-thong-minh\/","title":{"rendered":"C\u00f4ng tr\u00ecnh ti\u00eau bi\u1ec3u"},"content":{"rendered":"\t<section class=\"section\" id=\"section_771472628\">\n\t\t<div class=\"bg section-bg fill bg-fill  bg-loaded\" >\n\n\t\t\t\n\t\t\t\n\t\t\t\n\n\t\t<\/div>\n\n\t\t<div class=\"section-content relative\">\n\t\t\t\n<div class=\"slider-wrapper relative\" id=\"slider-1834142077\" >\n    <div class=\"slider slider-nav-circle slider-nav-large slider-nav-light slider-style-normal\"\n        data-flickity-options='{\n            \"cellAlign\": \"center\",\n            \"imagesLoaded\": true,\n            \"lazyLoad\": 1,\n            \"freeScroll\": false,\n            \"wrapAround\": true,\n            \"autoPlay\": 6000,\n            \"pauseAutoPlayOnHover\" : true,\n            \"prevNextButtons\": true,\n            \"contain\" : true,\n            \"adaptiveHeight\" : true,\n            \"dragThreshold\" : 10,\n            \"percentPosition\": true,\n            \"pageDots\": true,\n            \"rightToLeft\": false,\n            \"draggable\": true,\n            \"selectedAttraction\": 0.1,\n            \"parallax\" : 0,\n            \"friction\": 0.6        }'\n        >\n        \n\t<div class=\"img has-hover x md-x lg-x y md-y lg-y\" id=\"image_821287580\">\n\t\t\t\t\t\t\t\t<div class=\"img-inner dark\" >\n\t\t\t<img loading=\"lazy\" decoding=\"async\" width=\"1020\" height=\"496\" src=\"https:\/\/nhathongminhcp.com\/wp-content\/uploads\/2021\/12\/z3051626734175_7f9b0f8aeed6d6210c85be0448a0f1f3-1024x498.jpg\" class=\"attachment-large size-large\" alt=\"\" srcset=\"https:\/\/nhathongminhcp.com\/wp-content\/uploads\/2021\/12\/z3051626734175_7f9b0f8aeed6d6210c85be0448a0f1f3-1024x498.jpg 1024w, https:\/\/nhathongminhcp.com\/wp-content\/uploads\/2021\/12\/z3051626734175_7f9b0f8aeed6d6210c85be0448a0f1f3-300x146.jpg 300w, https:\/\/nhathongminhcp.com\/wp-content\/uploads\/2021\/12\/z3051626734175_7f9b0f8aeed6d6210c85be0448a0f1f3-768x373.jpg 768w, https:\/\/nhathongminhcp.com\/wp-content\/uploads\/2021\/12\/z3051626734175_7f9b0f8aeed6d6210c85be0448a0f1f3.jpg 1280w\" sizes=\"auto, (max-width: 1020px) 100vw, 1020px\" \/>\t\t\t\t\t\t\n\t\t\t\t\t<\/div>\n\t\t\t\t\t\t\t\t\n<style>\n#image_821287580 {\n  width: 100%;\n}\n<\/style>\n\t<\/div>\n\t\n\t<div class=\"img has-hover x md-x lg-x y md-y lg-y\" id=\"image_1707000406\">\n\t\t\t\t\t\t\t\t<div class=\"img-inner dark\" >\n\t\t\t<img loading=\"lazy\" decoding=\"async\" width=\"1020\" height=\"496\" src=\"https:\/\/nhathongminhcp.com\/wp-content\/uploads\/2021\/12\/z3051626719298_bb20b92d215f1ed94638fca1e521b42d-1024x498.jpg\" class=\"attachment-large size-large\" alt=\"\" srcset=\"https:\/\/nhathongminhcp.com\/wp-content\/uploads\/2021\/12\/z3051626719298_bb20b92d215f1ed94638fca1e521b42d-1024x498.jpg 1024w, https:\/\/nhathongminhcp.com\/wp-content\/uploads\/2021\/12\/z3051626719298_bb20b92d215f1ed94638fca1e521b42d-300x146.jpg 300w, https:\/\/nhathongminhcp.com\/wp-content\/uploads\/2021\/12\/z3051626719298_bb20b92d215f1ed94638fca1e521b42d-768x373.jpg 768w, https:\/\/nhathongminhcp.com\/wp-content\/uploads\/2021\/12\/z3051626719298_bb20b92d215f1ed94638fca1e521b42d.jpg 1280w\" sizes=\"auto, (max-width: 1020px) 100vw, 1020px\" \/>\t\t\t\t\t\t\n\t\t\t\t\t<\/div>\n\t\t\t\t\t\t\t\t\n<style>\n#image_1707000406 {\n  width: 100%;\n}\n<\/style>\n\t<\/div>\n\t\n\t<div class=\"img has-hover x md-x lg-x y md-y lg-y\" id=\"image_935113471\">\n\t\t\t\t\t\t\t\t<div class=\"img-inner dark\" >\n\t\t\t<img loading=\"lazy\" decoding=\"async\" width=\"1020\" height=\"496\" src=\"https:\/\/nhathongminhcp.com\/wp-content\/uploads\/2021\/12\/z3051626887896_a0272664b3bff1c6e32f5c0559296035-1024x498.jpg\" class=\"attachment-large size-large\" alt=\"\" srcset=\"https:\/\/nhathongminhcp.com\/wp-content\/uploads\/2021\/12\/z3051626887896_a0272664b3bff1c6e32f5c0559296035-1024x498.jpg 1024w, https:\/\/nhathongminhcp.com\/wp-content\/uploads\/2021\/12\/z3051626887896_a0272664b3bff1c6e32f5c0559296035-300x146.jpg 300w, https:\/\/nhathongminhcp.com\/wp-content\/uploads\/2021\/12\/z3051626887896_a0272664b3bff1c6e32f5c0559296035-768x373.jpg 768w, https:\/\/nhathongminhcp.com\/wp-content\/uploads\/2021\/12\/z3051626887896_a0272664b3bff1c6e32f5c0559296035.jpg 1280w\" sizes=\"auto, (max-width: 1020px) 100vw, 1020px\" \/>\t\t\t\t\t\t\n\t\t\t\t\t<\/div>\n\t\t\t\t\t\t\t\t\n<style>\n#image_935113471 {\n  width: 100%;\n}\n<\/style>\n\t<\/div>\n\t\n     <\/div>\n\n     <div class=\"loading-spin dark large centered\"><\/div>\n\n     <\/div>\n\n\n<h1>Trang tr\u1ea1i Lan 10 ha Nh\u00e0 anh Tr\u01b0\u1eddng Ng\u0169 Ph\u00fac Tim Th\u00e0nh H\u1ea3i D\u01b0\u01a1ng<\/h1>\n<h1>\u0110T: 0943.659.659<\/h1>\n<p><img loading=\"lazy\" decoding=\"async\" class=\"alignnone size-medium wp-image-367\" src=\"https:\/\/nhathongminhcp.com\/wp-content\/uploads\/2021\/12\/z3051626751432_cbaae0d6183daaee56c92bba343eda8b-300x146.jpg\" alt=\"\" width=\"300\" height=\"146\" srcset=\"https:\/\/nhathongminhcp.com\/wp-content\/uploads\/2021\/12\/z3051626751432_cbaae0d6183daaee56c92bba343eda8b-300x146.jpg 300w, https:\/\/nhathongminhcp.com\/wp-content\/uploads\/2021\/12\/z3051626751432_cbaae0d6183daaee56c92bba343eda8b-1024x498.jpg 1024w, https:\/\/nhathongminhcp.com\/wp-content\/uploads\/2021\/12\/z3051626751432_cbaae0d6183daaee56c92bba343eda8b-768x373.jpg 768w, https:\/\/nhathongminhcp.com\/wp-content\/uploads\/2021\/12\/z3051626751432_cbaae0d6183daaee56c92bba343eda8b.jpg 1280w\" sizes=\"auto, (max-width: 300px) 100vw, 300px\" \/> <img loading=\"lazy\" decoding=\"async\" class=\"alignnone size-medium wp-image-366\" src=\"https:\/\/nhathongminhcp.com\/wp-content\/uploads\/2021\/12\/z3051626803592_2e738744e93fee49df128843c369d1e6-300x146.jpg\" alt=\"\" width=\"300\" height=\"146\" srcset=\"https:\/\/nhathongminhcp.com\/wp-content\/uploads\/2021\/12\/z3051626803592_2e738744e93fee49df128843c369d1e6-300x146.jpg 300w, https:\/\/nhathongminhcp.com\/wp-content\/uploads\/2021\/12\/z3051626803592_2e738744e93fee49df128843c369d1e6-1024x498.jpg 1024w, https:\/\/nhathongminhcp.com\/wp-content\/uploads\/2021\/12\/z3051626803592_2e738744e93fee49df128843c369d1e6-768x373.jpg 768w, https:\/\/nhathongminhcp.com\/wp-content\/uploads\/2021\/12\/z3051626803592_2e738744e93fee49df128843c369d1e6.jpg 1280w\" sizes=\"auto, (max-width: 300px) 100vw, 300px\" \/> <img loading=\"lazy\" decoding=\"async\" class=\"alignnone size-medium wp-image-357\" src=\"https:\/\/nhathongminhcp.com\/wp-content\/uploads\/2021\/12\/z3051626734175_7f9b0f8aeed6d6210c85be0448a0f1f3-300x146.jpg\" alt=\"\" width=\"300\" height=\"146\" srcset=\"https:\/\/nhathongminhcp.com\/wp-content\/uploads\/2021\/12\/z3051626734175_7f9b0f8aeed6d6210c85be0448a0f1f3-300x146.jpg 300w, https:\/\/nhathongminhcp.com\/wp-content\/uploads\/2021\/12\/z3051626734175_7f9b0f8aeed6d6210c85be0448a0f1f3-1024x498.jpg 1024w, https:\/\/nhathongminhcp.com\/wp-content\/uploads\/2021\/12\/z3051626734175_7f9b0f8aeed6d6210c85be0448a0f1f3-768x373.jpg 768w, https:\/\/nhathongminhcp.com\/wp-content\/uploads\/2021\/12\/z3051626734175_7f9b0f8aeed6d6210c85be0448a0f1f3.jpg 1280w\" sizes=\"auto, (max-width: 300px) 100vw, 300px\" \/><img loading=\"lazy\" decoding=\"async\" class=\"alignnone size-medium wp-image-364\" src=\"https:\/\/nhathongminhcp.com\/wp-content\/uploads\/2021\/12\/z3051626692210_6a218ef310da913c9466b19c78a69411-300x146.jpg\" alt=\"\" width=\"300\" height=\"146\" srcset=\"https:\/\/nhathongminhcp.com\/wp-content\/uploads\/2021\/12\/z3051626692210_6a218ef310da913c9466b19c78a69411-300x146.jpg 300w, https:\/\/nhathongminhcp.com\/wp-content\/uploads\/2021\/12\/z3051626692210_6a218ef310da913c9466b19c78a69411-1024x498.jpg 1024w, https:\/\/nhathongminhcp.com\/wp-content\/uploads\/2021\/12\/z3051626692210_6a218ef310da913c9466b19c78a69411-768x373.jpg 768w, https:\/\/nhathongminhcp.com\/wp-content\/uploads\/2021\/12\/z3051626692210_6a218ef310da913c9466b19c78a69411.jpg 1280w\" sizes=\"auto, (max-width: 300px) 100vw, 300px\" \/><\/p>\n<p>\u00a0<\/p>\n<h1>Kh\u00e1ch s\u1ea1n Zen s\u1ed1 145 M\u1ea1c Quy\u1ebft Anh D\u0169ng D\u01b0\u01a1ng Kinh H\u1ea3i Ph\u00f2ng<\/h1>\n<h1>\u0110T: 090.321.34.34<\/h1>\n<p><img loading=\"lazy\" decoding=\"async\" class=\"alignnone size-medium wp-image-371\" src=\"https:\/\/nhathongminhcp.com\/wp-content\/uploads\/2021\/12\/z3051626703833_1822f2a907a6141064e9094ae9d07708-146x300.jpg\" alt=\"\" width=\"146\" height=\"300\" srcset=\"https:\/\/nhathongminhcp.com\/wp-content\/uploads\/2021\/12\/z3051626703833_1822f2a907a6141064e9094ae9d07708-146x300.jpg 146w, https:\/\/nhathongminhcp.com\/wp-content\/uploads\/2021\/12\/z3051626703833_1822f2a907a6141064e9094ae9d07708-498x1024.jpg 498w, https:\/\/nhathongminhcp.com\/wp-content\/uploads\/2021\/12\/z3051626703833_1822f2a907a6141064e9094ae9d07708.jpg 622w\" sizes=\"auto, (max-width: 146px) 100vw, 146px\" \/> <img loading=\"lazy\" decoding=\"async\" class=\"alignnone size-medium wp-image-372\" src=\"https:\/\/nhathongminhcp.com\/wp-content\/uploads\/2021\/12\/z3051626719298_bb20b92d215f1ed94638fca1e521b42d-1-300x146.jpg\" alt=\"\" width=\"300\" height=\"146\" srcset=\"https:\/\/nhathongminhcp.com\/wp-content\/uploads\/2021\/12\/z3051626719298_bb20b92d215f1ed94638fca1e521b42d-1-300x146.jpg 300w, https:\/\/nhathongminhcp.com\/wp-content\/uploads\/2021\/12\/z3051626719298_bb20b92d215f1ed94638fca1e521b42d-1-1024x498.jpg 1024w, https:\/\/nhathongminhcp.com\/wp-content\/uploads\/2021\/12\/z3051626719298_bb20b92d215f1ed94638fca1e521b42d-1-768x373.jpg 768w, https:\/\/nhathongminhcp.com\/wp-content\/uploads\/2021\/12\/z3051626719298_bb20b92d215f1ed94638fca1e521b42d-1.jpg 1280w\" sizes=\"auto, (max-width: 300px) 100vw, 300px\" \/> <img loading=\"lazy\" decoding=\"async\" class=\"alignnone size-medium wp-image-373\" src=\"https:\/\/nhathongminhcp.com\/wp-content\/uploads\/2021\/12\/z3051626858935_8eb6a9e66c78062d0b7e230a2f55e96c-300x146.jpg\" alt=\"\" width=\"300\" height=\"146\" srcset=\"https:\/\/nhathongminhcp.com\/wp-content\/uploads\/2021\/12\/z3051626858935_8eb6a9e66c78062d0b7e230a2f55e96c-300x146.jpg 300w, https:\/\/nhathongminhcp.com\/wp-content\/uploads\/2021\/12\/z3051626858935_8eb6a9e66c78062d0b7e230a2f55e96c-1024x498.jpg 1024w, https:\/\/nhathongminhcp.com\/wp-content\/uploads\/2021\/12\/z3051626858935_8eb6a9e66c78062d0b7e230a2f55e96c-768x373.jpg 768w, https:\/\/nhathongminhcp.com\/wp-content\/uploads\/2021\/12\/z3051626858935_8eb6a9e66c78062d0b7e230a2f55e96c.jpg 1280w\" sizes=\"auto, (max-width: 300px) 100vw, 300px\" \/> <img loading=\"lazy\" decoding=\"async\" class=\"alignnone size-medium wp-image-374\" src=\"https:\/\/nhathongminhcp.com\/wp-content\/uploads\/2021\/12\/z3051626922921_4091aa1c9ada39523a492c4e2df0bfe2-300x146.jpg\" alt=\"\" width=\"300\" height=\"146\" srcset=\"https:\/\/nhathongminhcp.com\/wp-content\/uploads\/2021\/12\/z3051626922921_4091aa1c9ada39523a492c4e2df0bfe2-300x146.jpg 300w, https:\/\/nhathongminhcp.com\/wp-content\/uploads\/2021\/12\/z3051626922921_4091aa1c9ada39523a492c4e2df0bfe2-1024x498.jpg 1024w, https:\/\/nhathongminhcp.com\/wp-content\/uploads\/2021\/12\/z3051626922921_4091aa1c9ada39523a492c4e2df0bfe2-768x373.jpg 768w, https:\/\/nhathongminhcp.com\/wp-content\/uploads\/2021\/12\/z3051626922921_4091aa1c9ada39523a492c4e2df0bfe2.jpg 1280w\" sizes=\"auto, (max-width: 300px) 100vw, 300px\" \/> <img loading=\"lazy\" decoding=\"async\" class=\"alignnone size-medium wp-image-375\" src=\"https:\/\/nhathongminhcp.com\/wp-content\/uploads\/2021\/12\/z3051627023084_5db4a4ab8f8a7c1d7723f9e8a914babf-146x300.jpg\" alt=\"\" width=\"146\" height=\"300\" srcset=\"https:\/\/nhathongminhcp.com\/wp-content\/uploads\/2021\/12\/z3051627023084_5db4a4ab8f8a7c1d7723f9e8a914babf-146x300.jpg 146w, https:\/\/nhathongminhcp.com\/wp-content\/uploads\/2021\/12\/z3051627023084_5db4a4ab8f8a7c1d7723f9e8a914babf-498x1024.jpg 498w, https:\/\/nhathongminhcp.com\/wp-content\/uploads\/2021\/12\/z3051627023084_5db4a4ab8f8a7c1d7723f9e8a914babf.jpg 622w\" sizes=\"auto, (max-width: 146px) 100vw, 146px\" \/><\/p>\n\t\t<\/div>\n\n\t\t\n<style>\n#section_771472628 {\n  padding-top: 30px;\n  padding-bottom: 30px;\n}\n<\/style>\n\t<\/section>\n\t\n","protected":false},"excerpt":{"rendered":"","protected":false},"author":1,"featured_media":0,"parent":0,"menu_order":0,"comment_status":"closed","ping_status":"closed","template":"","meta":{"footnotes":""},"yst_prominent_words":[],"class_list":["post-27","page","type-page","status-publish","hentry"],"_links":{"self":[{"href":"https:\/\/nhathongminhcp.com\/index.php\/wp-json\/wp\/v2\/pages\/27","targetHints":{"allow":["GET"]}}],"collection":[{"href":"https:\/\/nhathongminhcp.com\/index.php\/wp-json\/wp\/v2\/pages"}],"about":[{"href":"https:\/\/nhathongminhcp.com\/index.php\/wp-json\/wp\/v2\/types\/page"}],"author":[{"embeddable":true,"href":"https:\/\/nhathongminhcp.com\/index.php\/wp-json\/wp\/v2\/users\/1"}],"replies":[{"embeddable":true,"href":"https:\/\/nhathongminhcp.com\/index.php\/wp-json\/wp\/v2\/comments?post=27"}],"version-history":[{"count":12,"href":"https:\/\/nhathongminhcp.com\/index.php\/wp-json\/wp\/v2\/pages\/27\/revisions"}],"predecessor-version":[{"id":377,"href":"https:\/\/nhathongminhcp.com\/index.php\/wp-json\/wp\/v2\/pages\/27\/revisions\/377"}],"wp:attachment":[{"href":"https:\/\/nhathongminhcp.com\/index.php\/wp-json\/wp\/v2\/media?parent=27"}],"wp:term":[{"taxonomy":"yst_prominent_words","embeddable":true,"href":"https:\/\/nhathongminhcp.com\/index.php\/wp-json\/wp\/v2\/yst_prominent_words?post=27"}],"curies":[{"name":"wp","href":"https:\/\/api.w.org\/{rel}","templated":true}]}}