{"id":306,"date":"2021-12-24T19:45:30","date_gmt":"2021-12-24T12:45:30","guid":{"rendered":"https:\/\/nhathongminhcp.com\/?page_id=306"},"modified":"2021-12-24T20:40:17","modified_gmt":"2021-12-24T13:40:17","slug":"am-thanh-da-vung-2","status":"publish","type":"page","link":"https:\/\/nhathongminhcp.com\/index.php\/am-thanh-da-vung-2\/","title":{"rendered":"\u00c2m thanh \u0111a v\u00f9ng"},"content":{"rendered":"\t<section class=\"section\" id=\"section_500255124\">\n\t\t<div class=\"bg section-bg fill bg-fill  bg-loaded\" >\n\n\t\t\t\n\t\t\t\n\t\t\t\n\n\t\t<\/div>\n\n\t\t<div class=\"section-content relative\">\n\t\t\t\n\t<div class=\"img has-hover x md-x lg-x y md-y lg-y\" id=\"image_473136504\">\n\t\t\t\t\t\t\t\t<div class=\"img-inner dark\" >\n\t\t\t<img loading=\"lazy\" decoding=\"async\" width=\"1020\" height=\"373\" src=\"https:\/\/nhathongminhcp.com\/wp-content\/uploads\/2021\/12\/am-thanh-da-vung-1-1024x374.png\" class=\"attachment-large size-large\" alt=\"\" srcset=\"https:\/\/nhathongminhcp.com\/wp-content\/uploads\/2021\/12\/am-thanh-da-vung-1-1024x374.png 1024w, https:\/\/nhathongminhcp.com\/wp-content\/uploads\/2021\/12\/am-thanh-da-vung-1-300x110.png 300w, https:\/\/nhathongminhcp.com\/wp-content\/uploads\/2021\/12\/am-thanh-da-vung-1-768x281.png 768w, https:\/\/nhathongminhcp.com\/wp-content\/uploads\/2021\/12\/am-thanh-da-vung-1-1536x561.png 1536w, https:\/\/nhathongminhcp.com\/wp-content\/uploads\/2021\/12\/am-thanh-da-vung-1.png 1889w\" sizes=\"auto, (max-width: 1020px) 100vw, 1020px\" \/>\t\t\t\t\t\t\n\t\t\t\t\t<\/div>\n\t\t\t\t\t\t\t\t\n<style>\n#image_473136504 {\n  width: 100%;\n}\n<\/style>\n\t<\/div>\n\t\n<div class=\"row\"  id=\"row-448602438\">\n\n\t<div id=\"col-276963118\" class=\"col small-12 large-12\"  >\n\t\t<div class=\"col-inner\"  >\n\t\t\t\n\t\t\t\n<h1 class=\"text-large\"><strong>\u00c2m thanh \u0111a v\u00f9ng<br \/><\/strong><\/h1>\n<p>Nghe nh\u1ea1c ch\u1ea5t l\u01b0\u1ee3ng cao \u1edf b\u1ea5t c\u1ee9 \u0111\u00e2u trong ng\u00f4i nh\u00e0 c\u1ee7a m\u00ecnh, t\u1eeb ph\u00f2ng kh\u00e1ch cho t\u1edbi ban c\u00f4ng, t\u1eeb t\u1ea7ng 1 cho t\u1edbi t\u1ea7ng 3. T\u1ea5t c\u1ea3 nh\u1eefng \u0111i\u1ec1u b\u1ea1n c\u1ea7n l\u00e0m l\u00e0 s\u1eed d\u1ee5ng gi\u1ecdng n\u00f3i ho\u1eb7c smartphone<\/p>\n\t\t<\/div>\n\t\t\t<\/div>\n\n\t\n<\/div>\n<div class=\"row align-middle align-center\"  id=\"row-2136525976\">\n\n\t<div id=\"col-1297792225\" class=\"col medium-6 small-12 large-6\"  >\n\t\t<div class=\"col-inner\"  >\n\t\t\t\n\t\t\t\n<div class=\"container section-title-container h1-title after-title\">\n<h1 class=\"section-title section-title-normal\"><span class=\"section-title-main\">\u0110i\u1ec1u khi\u1ec3n t\u1eeb xa qua smartphone<\/span><\/h1>\n<\/div>\n<p>\u0110\u00f3ng vai tr\u00f2 nh\u01b0 ng\u01b0\u1eddi \u201ctr\u1ee3 l\u00fd \u00e2m thanh\u201d cho ch\u1ee7 nh\u00e2n ng\u00f4i nh\u00e0, gi\u1ea3i ph\u00e1p \u00e2m thanh \u0111a v\u00f9ng gi\u00fap b\u1ea1n c\u00f3 nh\u1eefng ph\u00fat gi\u00e2y th\u01b0 gi\u00e3n v\u1edbi \u00e2m nh\u1ea1c:<br \/>\u2013 Ch\u1ea1m nh\u1eb9 tr\u00ean Smartphone \u0111\u1ec3 k\u00edch ho\u1ea1t ch\u01a1i nh\u1ea1c t\u1ea1i t\u1ea5t c\u1ea3 c\u00e1c ph\u00f2ng<br \/>\u2013 T\u00f9y ch\u1ecdn b\u00e0i h\u00e1t t\u1eeb Playlist tr\u00ean \u0111i\u1ec7n tho\u1ea1i<\/p>\n\t\t<\/div>\n\t\t\t<\/div>\n\n\t\n\n\t<div id=\"col-2033221091\" class=\"col medium-6 small-12 large-6\"  >\n\t\t<div class=\"col-inner\"  >\n\t\t\t\n\t\t\t\n\t<div class=\"img has-hover x md-x lg-x y md-y lg-y\" id=\"image_123915947\">\n\t\t\t\t\t\t\t\t<div class=\"img-inner dark\" >\n\t\t\t<img loading=\"lazy\" decoding=\"async\" width=\"683\" height=\"500\" src=\"https:\/\/nhathongminhcp.com\/wp-content\/uploads\/2021\/12\/giaiphap.jpg\" class=\"attachment-large size-large\" alt=\"\" srcset=\"https:\/\/nhathongminhcp.com\/wp-content\/uploads\/2021\/12\/giaiphap.jpg 683w, https:\/\/nhathongminhcp.com\/wp-content\/uploads\/2021\/12\/giaiphap-300x220.jpg 300w\" sizes=\"auto, (max-width: 683px) 100vw, 683px\" \/>\t\t\t\t\t\t\n\t\t\t\t\t<\/div>\n\t\t\t\t\t\t\t\t\n<style>\n#image_123915947 {\n  width: 100%;\n}\n<\/style>\n\t<\/div>\n\t\n\t\t<\/div>\n\t\t\t<\/div>\n\n\t\n<\/div>\n<div class=\"row align-middle align-center\"  id=\"row-1696017020\">\n\n\t<div id=\"col-1587657794\" class=\"col medium-6 small-12 large-6\"  >\n\t\t<div class=\"col-inner\"  >\n\t\t\t\n\t\t\t\n<div class=\"container section-title-container h1-title after-title\">\n<div class=\"container section-title-container h1-title after-title\">\n<h2 class=\"section-title section-title-normal\"><span class=\"section-title-main\">Ra l\u1ec7nh ph\u00e1t nh\u1ea1c b\u1eb1ng gi\u1ecdng n\u00f3i<\/span><\/h2>\n<\/div>\n<p>H\u1ec7 sinh th\u00e1i nh\u00e0 th\u00f4ng minh Lumi \u0111\u00e3 t\u00edch h\u1ee3p th\u00e0nh c\u00f4ng c\u00e1c tr\u1ee3 l\u00fd \u1ea3o c\u00f3 th\u1ec3 nghe \u2013 hi\u1ec3u c\u00e2u l\u1ec7nh, gi\u00fap gia t\u0103ng tr\u1ea3i nghi\u1ec7m s\u1ed1ng c\u1ee7a ng\u01b0\u1eddi d\u00f9ng. Ch\u1ee7 nh\u00e0 c\u00f3 th\u1ec3 kh\u00e1m ph\u00e1 quy\u1ec1n n\u0103ng c\u1ee7a gi\u1ecdng n\u00f3i b\u1eb1ng c\u00e1ch ra l\u1ec7nh cho Google Assistant, Alexa ho\u1eb7c Siri c\u1ee7a Apple ph\u00e1t nh\u1ea1c t\u1ea1i m\u1ed9t khu v\u1ef1c c\u1ee5 th\u1ec3 trong nh\u00e0 v\u00e0 t\u1eadn h\u01b0\u1edfng ti\u1ec7n \u00edch tuy\u1ec7t v\u1eddi n\u00e0y<\/p>\n<\/div>\n\t\t<\/div>\n\t\t\t<\/div>\n\n\t\n\n\t<div id=\"col-157932798\" class=\"col medium-6 small-12 large-6\"  >\n\t\t<div class=\"col-inner\"  >\n\t\t\t\n\t\t\t\n\t<div class=\"img has-hover x md-x lg-x y md-y lg-y\" id=\"image_1022491378\">\n\t\t\t\t\t\t\t\t<div class=\"img-inner dark\" >\n\t\t\t<img loading=\"lazy\" decoding=\"async\" width=\"534\" height=\"391\" src=\"https:\/\/nhathongminhcp.com\/wp-content\/uploads\/2021\/12\/ralenhphatnhacbanggiongnoi.jpg\" class=\"attachment-large size-large\" alt=\"\" srcset=\"https:\/\/nhathongminhcp.com\/wp-content\/uploads\/2021\/12\/ralenhphatnhacbanggiongnoi.jpg 534w, https:\/\/nhathongminhcp.com\/wp-content\/uploads\/2021\/12\/ralenhphatnhacbanggiongnoi-300x220.jpg 300w\" sizes=\"auto, (max-width: 534px) 100vw, 534px\" \/>\t\t\t\t\t\t\n\t\t\t\t\t<\/div>\n\t\t\t\t\t\t\t\t\n<style>\n#image_1022491378 {\n  width: 100%;\n}\n<\/style>\n\t<\/div>\n\t\n\t\t<\/div>\n\t\t\t<\/div>\n\n\t\n<\/div>\n<div class=\"row align-middle align-center\"  id=\"row-2013027490\">\n\n\t<div id=\"col-1266376335\" class=\"col medium-6 small-12 large-6\"  >\n\t\t<div class=\"col-inner\"  >\n\t\t\t\n\t\t\t\n<div class=\"container section-title-container h1-title after-title\">\n<div class=\"container section-title-container h1-title after-title\">\n<div class=\"container section-title-container h1-title after-title\">\n<h2 class=\"section-title section-title-normal\"><span class=\"section-title-main\">T\u00edch h\u1ee3p v\u00e0o c\u00e1c k\u1ecbch b\u1ea3n s\u1ed1ng ti\u1ec7n \u00edch<\/span><\/h2>\n<\/div>\n<p>H\u1ec7 th\u1ed1ng \u00e2m thanh \u0111a v\u00f9ng c\u00f3 th\u1ec3 k\u1ebft n\u1ed1i v\u1edbi thi\u1ebft b\u1ecb kh\u00e1c trong nh\u00e0 th\u00f4ng minh \u0111\u1ec3 t\u1ea1o n\u00ean nh\u1eefng k\u1ecbch b\u1ea3n s\u1ed1ng \u0111a d\u1ea1ng. \u0110\u1eb7c bi\u1ec7t, vi\u1ec7c k\u1ebft h\u1ee3p \u00e2m thanh \u0111a v\u00f9ng v\u1edbi h\u1ec7 th\u1ed1ng \u0111\u00e8n LED 16 tri\u1ec7u m\u00e0u c\u00f3 th\u1ec3 t\u1ea1o n\u00ean m\u1ed9t kh\u00f4ng gian b\u1eefa ti\u1ec7c \u201ch\u00f2a \u00e2m \u00e1nh s\u00e1ng\u201d, ph\u00f9 h\u1ee3p cho nh\u1eefng bu\u1ed5i ti\u1ec7c t\u00f9ng, sinh nh\u1eadt<\/p>\n<\/div>\n<\/div>\n\t\t<\/div>\n\t\t\t<\/div>\n\n\t\n\n\t<div id=\"col-813511625\" class=\"col medium-6 small-12 large-6\"  >\n\t\t<div class=\"col-inner\"  >\n\t\t\t\n\t\t\t\n\t<div class=\"img has-hover x md-x lg-x y md-y lg-y\" id=\"image_2022914428\">\n\t\t\t\t\t\t\t\t<div class=\"img-inner dark\" >\n\t\t\t<img loading=\"lazy\" decoding=\"async\" width=\"1020\" height=\"561\" src=\"https:\/\/nhathongminhcp.com\/wp-content\/uploads\/2021\/12\/nghe-nhac-theo-yeu-cau-1536x845-1-1024x563.jpg\" class=\"attachment-large size-large\" alt=\"\" srcset=\"https:\/\/nhathongminhcp.com\/wp-content\/uploads\/2021\/12\/nghe-nhac-theo-yeu-cau-1536x845-1-1024x563.jpg 1024w, https:\/\/nhathongminhcp.com\/wp-content\/uploads\/2021\/12\/nghe-nhac-theo-yeu-cau-1536x845-1-300x165.jpg 300w, https:\/\/nhathongminhcp.com\/wp-content\/uploads\/2021\/12\/nghe-nhac-theo-yeu-cau-1536x845-1-768x423.jpg 768w, https:\/\/nhathongminhcp.com\/wp-content\/uploads\/2021\/12\/nghe-nhac-theo-yeu-cau-1536x845-1.jpg 1536w\" sizes=\"auto, (max-width: 1020px) 100vw, 1020px\" \/>\t\t\t\t\t\t\n\t\t\t\t\t<\/div>\n\t\t\t\t\t\t\t\t\n<style>\n#image_2022914428 {\n  width: 100%;\n}\n<\/style>\n\t<\/div>\n\t\n\t\t<\/div>\n\t\t\t<\/div>\n\n\t\n<\/div>\n\t\t<\/div>\n\n\t\t\n<style>\n#section_500255124 {\n  padding-top: 30px;\n  padding-bottom: 30px;\n}\n<\/style>\n\t<\/section>\n\t\n","protected":false},"excerpt":{"rendered":"","protected":false},"author":1,"featured_media":0,"parent":0,"menu_order":0,"comment_status":"closed","ping_status":"closed","template":"","meta":{"footnotes":""},"yst_prominent_words":[],"class_list":["post-306","page","type-page","status-publish","hentry"],"_links":{"self":[{"href":"https:\/\/nhathongminhcp.com\/index.php\/wp-json\/wp\/v2\/pages\/306","targetHints":{"allow":["GET"]}}],"collection":[{"href":"https:\/\/nhathongminhcp.com\/index.php\/wp-json\/wp\/v2\/pages"}],"about":[{"href":"https:\/\/nhathongminhcp.com\/index.php\/wp-json\/wp\/v2\/types\/page"}],"author":[{"embeddable":true,"href":"https:\/\/nhathongminhcp.com\/index.php\/wp-json\/wp\/v2\/users\/1"}],"replies":[{"embeddable":true,"href":"https:\/\/nhathongminhcp.com\/index.php\/wp-json\/wp\/v2\/comments?post=306"}],"version-history":[{"count":6,"href":"https:\/\/nhathongminhcp.com\/index.php\/wp-json\/wp\/v2\/pages\/306\/revisions"}],"predecessor-version":[{"id":345,"href":"https:\/\/nhathongminhcp.com\/index.php\/wp-json\/wp\/v2\/pages\/306\/revisions\/345"}],"wp:attachment":[{"href":"https:\/\/nhathongminhcp.com\/index.php\/wp-json\/wp\/v2\/media?parent=306"}],"wp:term":[{"taxonomy":"yst_prominent_words","embeddable":true,"href":"https:\/\/nhathongminhcp.com\/index.php\/wp-json\/wp\/v2\/yst_prominent_words?post=306"}],"curies":[{"name":"wp","href":"https:\/\/api.w.org\/{rel}","templated":true}]}}