{"id":311,"date":"2021-12-24T20:05:31","date_gmt":"2021-12-24T13:05:31","guid":{"rendered":"https:\/\/nhathongminhcp.com\/?page_id=311"},"modified":"2021-12-24T20:17:26","modified_gmt":"2021-12-24T13:17:26","slug":"giam-sat-dieu-kien-moi-truong","status":"publish","type":"page","link":"https:\/\/nhathongminhcp.com\/index.php\/giam-sat-dieu-kien-moi-truong\/","title":{"rendered":"Gi\u00e1m s\u00e1t \u0111i\u1ec1u ki\u1ec7n m\u00f4i tr\u01b0\u1eddng"},"content":{"rendered":"\t<section class=\"section\" id=\"section_1512899718\">\n\t\t<div class=\"bg section-bg fill bg-fill  bg-loaded\" >\n\n\t\t\t\n\t\t\t\n\t\t\t\n\n\t\t<\/div>\n\n\t\t<div class=\"section-content relative\">\n\t\t\t\n\t<div class=\"img has-hover x md-x lg-x y md-y lg-y\" id=\"image_1486078542\">\n\t\t\t\t\t\t\t\t<div class=\"img-inner dark\" >\n\t\t\t<img loading=\"lazy\" decoding=\"async\" width=\"1020\" height=\"378\" src=\"https:\/\/nhathongminhcp.com\/wp-content\/uploads\/2021\/12\/banner-moi-truong-1024x379.jpg\" class=\"attachment-large size-large\" alt=\"\" srcset=\"https:\/\/nhathongminhcp.com\/wp-content\/uploads\/2021\/12\/banner-moi-truong-1024x379.jpg 1024w, https:\/\/nhathongminhcp.com\/wp-content\/uploads\/2021\/12\/banner-moi-truong-300x111.jpg 300w, https:\/\/nhathongminhcp.com\/wp-content\/uploads\/2021\/12\/banner-moi-truong-768x284.jpg 768w, https:\/\/nhathongminhcp.com\/wp-content\/uploads\/2021\/12\/banner-moi-truong.jpg 1349w\" sizes=\"auto, (max-width: 1020px) 100vw, 1020px\" \/>\t\t\t\t\t\t\n\t\t\t\t\t<\/div>\n\t\t\t\t\t\t\t\t\n<style>\n#image_1486078542 {\n  width: 100%;\n}\n<\/style>\n\t<\/div>\n\t\n<div class=\"row\"  id=\"row-808498191\">\n\n\t<div id=\"col-210158263\" class=\"col small-12 large-12\"  >\n\t\t<div class=\"col-inner\"  >\n\t\t\t\n\t\t\t\n<h1 class=\"text-large\"><strong>Gi\u00e1m s\u00e1t \u0111i\u1ec1u ki\u1ec7n m\u00f4i tr\u01b0\u1eddng<\/strong><\/h1>\n<p>Gi\u00e1m s\u00e1t \u0111i\u1ec1u ki\u1ec7n m\u00f4i tr\u01b0\u1eddng xung quanh nh\u00e0 b\u1ea1n, d\u1ec5 d\u00e0ng ki\u1ec3m tra nhi\u1ec7t \u0111\u1ed9, \u0111\u1ed9 \u1ea9m b\u00ean trong nh\u00e0 b\u1ebfp, nh\u00e0 kho, v\u01b0\u1eddn, t\u1eeb \u0111\u00f3 \u0111\u01b0a ra h\u00e0nh \u0111\u1ed9ng th\u00edch h\u1ee3p nh\u01b0 m\u1edf \u0111i\u1ec1u h\u00f2a, m\u1edf qu\u1ea1t, t\u01b0\u1edbi c\u00e2y<\/p>\n\t\t<\/div>\n\t\t\t<\/div>\n\n\t\n<\/div>\n<div class=\"row align-middle align-center\"  id=\"row-402315350\">\n\n\t<div id=\"col-1696380670\" class=\"col medium-6 small-12 large-6\"  >\n\t\t<div class=\"col-inner\"  >\n\t\t\t\n\t\t\t\n<div class=\"container section-title-container h1-title after-title\">\n<h1 class=\"section-title section-title-normal\"><span class=\"section-title-main\">Li\u00ean t\u1ee5c c\u1eadp nh\u1eadt th\u00f4ng s\u1ed1 v\u1ec1 m\u00f4i tr\u01b0\u1eddng<\/span><\/h1>\n<\/div>\n<p>Thi\u1ebft b\u1ecb \u0111o th\u00f4ng s\u1ed1 m\u00f4i tr\u01b0\u1eddng t\u00edch h\u1ee3p trong b\u1ed9 s\u1ea3n ph\u1ea9m nh\u00e0 th\u00f4ng minh Lumi s\u1ebd gi\u00fap b\u1ea1n lu\u00f4n n\u1eafm \u0111\u01b0\u1ee3c t\u00ecnh tr\u1ea1ng nhi\u1ec7t \u0111\u1ed9, \u0111\u1ed9 \u1ea9m, \u00e1nh s\u00e1ng t\u1ea1i b\u1ea5t c\u1ee9 c\u0103n ph\u00f2ng n\u00e0o nh\u00e0 v\u00ec ch\u00fang s\u1ebd \u0111\u01b0\u1ee3c c\u1eadp nh\u1eadt tr\u00ean app Lumi Life c\u1ee7a b\u1ea1n<\/p>\n\t\t<\/div>\n\t\t\t<\/div>\n\n\t\n\n\t<div id=\"col-1545106594\" class=\"col medium-6 small-12 large-6\"  >\n\t\t<div class=\"col-inner\"  >\n\t\t\t\n\t\t\t\n\t<div class=\"img has-hover x md-x lg-x y md-y lg-y\" id=\"image_1168417749\">\n\t\t\t\t\t\t\t\t<div class=\"img-inner dark\" >\n\t\t\t<img loading=\"lazy\" decoding=\"async\" width=\"534\" height=\"391\" src=\"https:\/\/nhathongminhcp.com\/wp-content\/uploads\/2021\/12\/cap-nhat-cac-chi-so-ve-ngoi-nha.jpg\" class=\"attachment-large size-large\" alt=\"\" srcset=\"https:\/\/nhathongminhcp.com\/wp-content\/uploads\/2021\/12\/cap-nhat-cac-chi-so-ve-ngoi-nha.jpg 534w, https:\/\/nhathongminhcp.com\/wp-content\/uploads\/2021\/12\/cap-nhat-cac-chi-so-ve-ngoi-nha-300x220.jpg 300w\" sizes=\"auto, (max-width: 534px) 100vw, 534px\" \/>\t\t\t\t\t\t\n\t\t\t\t\t<\/div>\n\t\t\t\t\t\t\t\t\n<style>\n#image_1168417749 {\n  width: 100%;\n}\n<\/style>\n\t<\/div>\n\t\n<div class=\"row align-middle align-center\"  id=\"row-2142858223\">\n\n\t<div id=\"col-1862424552\" class=\"col medium-6 small-12 large-6\"  >\n\t\t<div class=\"col-inner\"  >\n\t\t\t\n\t\t\t\n\t\t<\/div>\n\t\t\t<\/div>\n\n\t\n\n\t<div id=\"col-496726440\" class=\"col medium-6 small-12 large-6\"  >\n\t\t<div class=\"col-inner\"  >\n\t\t\t\n\t\t\t\n\t\t<\/div>\n\t\t\t<\/div>\n\n\t\n<\/div>\n\t\t<\/div>\n\t\t\t<\/div>\n\n\t\n<\/div>\n<div class=\"row align-middle align-center\"  id=\"row-97597844\">\n\n\t<div id=\"col-807237339\" class=\"col medium-6 small-12 large-6\"  >\n\t\t<div class=\"col-inner\"  >\n\t\t\t\n\t\t\t\n<div class=\"container section-title-container h1-title after-title\">\n<h2 class=\"section-title section-title-normal\"><span class=\"section-title-main\">Ch\u0103m s\u00f3c s\u1ee9c kh\u1ecfe cho c\u1ea3 nh\u00e0<\/span><\/h2>\n<\/div>\n<p>Vi\u1ec7c ki\u1ec3m so\u00e1t \u0111\u01b0\u1ee3c c\u00e1c th\u00f4ng tin m\u00f4i tr\u01b0\u1eddng s\u1ebd gi\u00fap b\u1ea1n d\u1ec5 d\u00e0ng ch\u0103m s\u00f3c gia \u0111\u00ecnh h\u01a1n. V\u00ed d\u1ee5, n\u1ebfu th\u1ea5y nhi\u1ec7t \u0111\u1ed9 trong ph\u00f2ng ng\u1ee7 c\u1ee7a con nh\u1ecf qu\u00e1 l\u1ea1nh, b\u1ed1 m\u1eb9 c\u00f3 th\u1ec3 t\u0103ng nhi\u1ec7t \u0111\u1ed9 \u0111i\u1ec1u h\u00f2a \u0111\u1ec3 b\u1ea3o v\u1ec7 s\u1ee9c kh\u1ecfe c\u1ee7a con<\/p>\n\t\t<\/div>\n\t\t\t<\/div>\n\n\t\n\n\t<div id=\"col-1871524262\" class=\"col medium-6 small-12 large-6\"  >\n\t\t<div class=\"col-inner\"  >\n\t\t\t\n\t\t\t\n\t<div class=\"img has-hover x md-x lg-x y md-y lg-y\" id=\"image_1645866790\">\n\t\t\t\t\t\t\t\t<div class=\"img-inner dark\" >\n\t\t\t<img loading=\"lazy\" decoding=\"async\" width=\"1020\" height=\"684\" src=\"https:\/\/nhathongminhcp.com\/wp-content\/uploads\/2021\/12\/dam-bao-nhiet-do-phong-on-dinh-1536x1031-1-1024x687.jpg\" class=\"attachment-large size-large\" alt=\"\" srcset=\"https:\/\/nhathongminhcp.com\/wp-content\/uploads\/2021\/12\/dam-bao-nhiet-do-phong-on-dinh-1536x1031-1-1024x687.jpg 1024w, https:\/\/nhathongminhcp.com\/wp-content\/uploads\/2021\/12\/dam-bao-nhiet-do-phong-on-dinh-1536x1031-1-300x201.jpg 300w, https:\/\/nhathongminhcp.com\/wp-content\/uploads\/2021\/12\/dam-bao-nhiet-do-phong-on-dinh-1536x1031-1-768x516.jpg 768w, https:\/\/nhathongminhcp.com\/wp-content\/uploads\/2021\/12\/dam-bao-nhiet-do-phong-on-dinh-1536x1031-1.jpg 1536w\" sizes=\"auto, (max-width: 1020px) 100vw, 1020px\" \/>\t\t\t\t\t\t\n\t\t\t\t\t<\/div>\n\t\t\t\t\t\t\t\t\n<style>\n#image_1645866790 {\n  width: 100%;\n}\n<\/style>\n\t<\/div>\n\t\n\t\t<\/div>\n\t\t\t<\/div>\n\n\t\n<\/div>\n<div class=\"row align-middle align-center\"  id=\"row-1783396894\">\n\n\t<div id=\"col-1491136972\" class=\"col medium-6 small-12 large-6\"  >\n\t\t<div class=\"col-inner\"  >\n\t\t\t\n\t\t\t\n<div id=\"col-513582580\" class=\"col milo milo-right medium-6 small-12 large-6\">\n<div class=\"col-inner text-left\">\n<div class=\"container section-title-container h1-title after-title\">\n<h2 class=\"section-title section-title-normal\"><span class=\"section-title-main\">T\u00edch h\u1ee3p trong c\u00e1c k\u1ecbch b\u1ea3n ti\u1ec7n \u00edch kh\u00e1c<\/span><\/h2>\n<\/div>\n<p>Bi\u1ebft \u0111\u01b0\u1ee3c c\u00e1c th\u00f4ng tin m\u00f4i tr\u01b0\u1eddng s\u1ebd l\u00e0 \u0111i\u1ec1u ki\u1ec7n \u0111\u1ea7u v\u00e0o \u0111\u1ec3 thi\u1ebft l\u1eadp m\u1ed9t s\u1ed1 k\u1ecbch b\u1ea3n s\u1ed1ng b\u1ea3o v\u1ec7 s\u1ee9c kh\u1ecfe c\u1ea3 nh\u00e0. V\u00ed d\u1ee5, b\u1ea1n c\u00f3 th\u1ec3 c\u00e0i \u0111\u1eb7t cho r\u00e8m c\u1eeda m\u1edf ra, \u0111\u00e8n s\u00e1ng b\u1eadt l\u00ean khi th\u00f4ng s\u1ed1 \u00e1nh s\u00e1ng b\u00e1o hi\u1ec7u tr\u1eddi \u0111\u00e3 chuy\u1ec3n sang t\u1ed1i, \u0111\u00f3ng r\u00e8m c\u1eeda khi \u00e1nh n\u1eafng b\u1eaft \u0111\u1ea7u ch\u00f3i chang<\/p>\n<\/div>\n<\/div>\n<div id=\"col-999763755\" class=\"col medium-6 small-12 large-6 medium-col-first\">\n<div class=\"col-inner\">\n<div id=\"image_588793840\" class=\"img has-hover x md-x lg-x y md-y lg-y\">\u00a0<\/div>\n<\/div>\n<\/div>\n\t\t<\/div>\n\t\t\t<\/div>\n\n\t\n\n\t<div id=\"col-59598309\" class=\"col medium-6 small-12 large-6\"  >\n\t\t<div class=\"col-inner\"  >\n\t\t\t\n\t\t\t\n\t<div class=\"img has-hover x md-x lg-x y md-y lg-y\" id=\"image_1809675930\">\n\t\t\t\t\t\t\t\t<div class=\"img-inner dark\" >\n\t\t\t<img loading=\"lazy\" decoding=\"async\" width=\"534\" height=\"391\" src=\"https:\/\/nhathongminhcp.com\/wp-content\/uploads\/2021\/12\/rem-tu-dong-khi-troi-qua-toi.jpg\" class=\"attachment-large size-large\" alt=\"\" srcset=\"https:\/\/nhathongminhcp.com\/wp-content\/uploads\/2021\/12\/rem-tu-dong-khi-troi-qua-toi.jpg 534w, https:\/\/nhathongminhcp.com\/wp-content\/uploads\/2021\/12\/rem-tu-dong-khi-troi-qua-toi-300x220.jpg 300w\" sizes=\"auto, (max-width: 534px) 100vw, 534px\" \/>\t\t\t\t\t\t\n\t\t\t\t\t<\/div>\n\t\t\t\t\t\t\t\t\n<style>\n#image_1809675930 {\n  width: 100%;\n}\n<\/style>\n\t<\/div>\n\t\n\t\t<\/div>\n\t\t\t<\/div>\n\n\t\n<\/div>\n\t\t<\/div>\n\n\t\t\n<style>\n#section_1512899718 {\n  padding-top: 30px;\n  padding-bottom: 30px;\n}\n<\/style>\n\t<\/section>\n\t\n","protected":false},"excerpt":{"rendered":"","protected":false},"author":1,"featured_media":0,"parent":0,"menu_order":0,"comment_status":"closed","ping_status":"closed","template":"","meta":{"footnotes":""},"yst_prominent_words":[],"class_list":["post-311","page","type-page","status-publish","hentry"],"_links":{"self":[{"href":"https:\/\/nhathongminhcp.com\/index.php\/wp-json\/wp\/v2\/pages\/311","targetHints":{"allow":["GET"]}}],"collection":[{"href":"https:\/\/nhathongminhcp.com\/index.php\/wp-json\/wp\/v2\/pages"}],"about":[{"href":"https:\/\/nhathongminhcp.com\/index.php\/wp-json\/wp\/v2\/types\/page"}],"author":[{"embeddable":true,"href":"https:\/\/nhathongminhcp.com\/index.php\/wp-json\/wp\/v2\/users\/1"}],"replies":[{"embeddable":true,"href":"https:\/\/nhathongminhcp.com\/index.php\/wp-json\/wp\/v2\/comments?post=311"}],"version-history":[{"count":6,"href":"https:\/\/nhathongminhcp.com\/index.php\/wp-json\/wp\/v2\/pages\/311\/revisions"}],"predecessor-version":[{"id":322,"href":"https:\/\/nhathongminhcp.com\/index.php\/wp-json\/wp\/v2\/pages\/311\/revisions\/322"}],"wp:attachment":[{"href":"https:\/\/nhathongminhcp.com\/index.php\/wp-json\/wp\/v2\/media?parent=311"}],"wp:term":[{"taxonomy":"yst_prominent_words","embeddable":true,"href":"https:\/\/nhathongminhcp.com\/index.php\/wp-json\/wp\/v2\/yst_prominent_words?post=311"}],"curies":[{"name":"wp","href":"https:\/\/api.w.org\/{rel}","templated":true}]}}