{"id":324,"date":"2021-12-24T20:19:31","date_gmt":"2021-12-24T13:19:31","guid":{"rendered":"https:\/\/nhathongminhcp.com\/?page_id=324"},"modified":"2021-12-24T20:28:23","modified_gmt":"2021-12-24T13:28:23","slug":"den-led-thong-minh-16-trieu-mau","status":"publish","type":"page","link":"https:\/\/nhathongminhcp.com\/index.php\/den-led-thong-minh-16-trieu-mau\/","title":{"rendered":"\u0110\u00e8n LED th\u00f4ng minh 16 tri\u1ec7u m\u00e0u"},"content":{"rendered":"\t<section class=\"section\" id=\"section_73484969\">\n\t\t<div class=\"bg section-bg fill bg-fill  bg-loaded\" >\n\n\t\t\t\n\t\t\t\n\t\t\t\n\n\t\t<\/div>\n\n\t\t<div class=\"section-content relative\">\n\t\t\t\n\t<div class=\"img has-hover x md-x lg-x y md-y lg-y\" id=\"image_415220547\">\n\t\t\t\t\t\t<div data-animate=\"flipInX\">\t\t<div class=\"img-inner dark\" >\n\t\t\t<img loading=\"lazy\" decoding=\"async\" width=\"1020\" height=\"374\" src=\"https:\/\/nhathongminhcp.com\/wp-content\/uploads\/2021\/12\/banner-led-16-trieu-mau-2048x749-1-1024x375.jpg\" class=\"attachment-large size-large\" alt=\"\" srcset=\"https:\/\/nhathongminhcp.com\/wp-content\/uploads\/2021\/12\/banner-led-16-trieu-mau-2048x749-1-1024x375.jpg 1024w, https:\/\/nhathongminhcp.com\/wp-content\/uploads\/2021\/12\/banner-led-16-trieu-mau-2048x749-1-300x110.jpg 300w, https:\/\/nhathongminhcp.com\/wp-content\/uploads\/2021\/12\/banner-led-16-trieu-mau-2048x749-1-768x281.jpg 768w, https:\/\/nhathongminhcp.com\/wp-content\/uploads\/2021\/12\/banner-led-16-trieu-mau-2048x749-1-1536x562.jpg 1536w, https:\/\/nhathongminhcp.com\/wp-content\/uploads\/2021\/12\/banner-led-16-trieu-mau-2048x749-1.jpg 2048w\" sizes=\"auto, (max-width: 1020px) 100vw, 1020px\" \/>\t\t\t\t\t\t\n\t\t\t\t\t<\/div>\n\t\t<\/div>\t\t\t\t\t\t\n<style>\n#image_415220547 {\n  width: 100%;\n}\n<\/style>\n\t<\/div>\n\t\n<div class=\"row align-middle align-center\"  id=\"row-695661717\">\n\n\t<div id=\"col-1222906451\" class=\"col small-12 large-12\"  >\n\t\t<div class=\"col-inner\"  >\n\t\t\t\n\t\t\t\n<h1 class=\"text-large\" style=\"text-align: center;\"><strong>\u0110\u00e8n LED th\u00f4ng minh 16 tri\u1ec7u m\u00e0u<\/strong><\/h1>\n<p style=\"text-align: center;\">Gi\u1ea3i ph\u00e1p \u0111i\u1ec1u khi\u1ec3n \u0111\u00e8n LED th\u00f4ng minh Lumi gi\u00fap b\u1ea1n thay \u0111\u1ed5i \u0111\u1ed5i m\u00e0u s\u1eafc kh\u00f4ng gian, \u0111i\u1ec1u ch\u1ec9nh \u0111\u1ed9 s\u00e1ng, sao cho ph\u00f9 h\u1ee3p v\u1edbi ng\u1eef c\u1ea3nh nh\u01b0 sinh nh\u1eadt, Gi\u00e1ng Sinh, T\u1ebft, hay \u0103n t\u1ed1i<\/p>\n\t\t<\/div>\n\t\t\t<\/div>\n\n\t\n<\/div>\n<div class=\"row align-middle align-center\"  id=\"row-550363982\">\n\n\t<div id=\"col-1609030206\" class=\"col medium-6 small-12 large-6\"  >\n\t\t<div class=\"col-inner\"  >\n\t\t\t\n\t\t\t\n<div class=\"container section-title-container h1-title after-title\">\n<h1 class=\"section-title section-title-normal\"><span class=\"section-title-main\">Ki\u1ebfn t\u1ea1o kh\u00f4ng gian \u0111a m\u00e0u s\u1eafc qua smartphone<\/span><\/h1>\n<\/div>\n<p>\u00dd t\u01b0\u1edfng v\u1ec1 m\u1ed9t b\u1eefa ti\u1ec7c sinh nh\u1eadt \u00fd ngh\u0129a, nhi\u1ec1u c\u1ea3m x\u00fac s\u1ebd tr\u1edf th\u00e0nh hi\u1ec7n th\u1ef1c v\u1edbi \u0111\u00e8n h\u1ec7 th\u1ed1ng LED 16 tri\u1ec7u m\u00e0u, cho ph\u00e9p bi\u1ebfn \u0111\u1ed5i m\u00e0u s\u1eafc linh ho\u1ea1t th\u00f4ng qua Smartphone<\/p>\n\t\t<\/div>\n\t\t\t<\/div>\n\n\t\n\n\t<div id=\"col-1403176928\" class=\"col medium-6 small-12 large-6\"  >\n\t\t<div class=\"col-inner\"  >\n\t\t\t\n\t\t\t\n\t<div class=\"img has-hover x md-x lg-x y md-y lg-y\" id=\"image_234571824\">\n\t\t\t\t\t\t\t\t<div class=\"img-inner dark\" >\n\t\t\t<img loading=\"lazy\" decoding=\"async\" width=\"534\" height=\"391\" src=\"https:\/\/nhathongminhcp.com\/wp-content\/uploads\/2021\/12\/doimaubangsmartphone.jpg\" class=\"attachment-large size-large\" alt=\"\" srcset=\"https:\/\/nhathongminhcp.com\/wp-content\/uploads\/2021\/12\/doimaubangsmartphone.jpg 534w, https:\/\/nhathongminhcp.com\/wp-content\/uploads\/2021\/12\/doimaubangsmartphone-300x220.jpg 300w\" sizes=\"auto, (max-width: 534px) 100vw, 534px\" \/>\t\t\t\t\t\t\n\t\t\t\t\t<\/div>\n\t\t\t\t\t\t\t\t\n<style>\n#image_234571824 {\n  width: 100%;\n}\n<\/style>\n\t<\/div>\n\t\n\t\t<\/div>\n\t\t\t<\/div>\n\n\t\n<\/div>\n<h2 class=\"text-large\"><strong>Thay \u0111\u1ed5i m\u00e0u s\u1eafc theo gi\u1edd<\/strong><\/h2>\n\t<div class=\"img has-hover x md-x lg-x y md-y lg-y\" id=\"image_1460420974\">\n\t\t\t\t\t\t\t\t<div class=\"img-inner dark\" >\n\t\t\t<img loading=\"lazy\" decoding=\"async\" width=\"1020\" height=\"374\" src=\"https:\/\/nhathongminhcp.com\/wp-content\/uploads\/2021\/12\/hen-gio-doi-mau-sac-led-2048x749-1-1024x375.jpg\" class=\"attachment-large size-large\" alt=\"\" srcset=\"https:\/\/nhathongminhcp.com\/wp-content\/uploads\/2021\/12\/hen-gio-doi-mau-sac-led-2048x749-1-1024x375.jpg 1024w, https:\/\/nhathongminhcp.com\/wp-content\/uploads\/2021\/12\/hen-gio-doi-mau-sac-led-2048x749-1-300x110.jpg 300w, https:\/\/nhathongminhcp.com\/wp-content\/uploads\/2021\/12\/hen-gio-doi-mau-sac-led-2048x749-1-768x281.jpg 768w, https:\/\/nhathongminhcp.com\/wp-content\/uploads\/2021\/12\/hen-gio-doi-mau-sac-led-2048x749-1-1536x562.jpg 1536w, https:\/\/nhathongminhcp.com\/wp-content\/uploads\/2021\/12\/hen-gio-doi-mau-sac-led-2048x749-1.jpg 2048w\" sizes=\"auto, (max-width: 1020px) 100vw, 1020px\" \/>\t\t\t\t\t\t\n\t\t\t\t\t<\/div>\n\t\t\t\t\t\t\t\t\n<style>\n#image_1460420974 {\n  width: 100%;\n}\n<\/style>\n\t<\/div>\n\t\n<div class=\"row align-middle align-center\"  id=\"row-446288903\">\n\n\t<div id=\"col-44630679\" class=\"col medium-6 small-12 large-6\"  >\n\t\t<div class=\"col-inner\"  >\n\t\t\t\n\t\t\t\n<div class=\"container section-title-container h1-title after-title\">\n<h2 class=\"section-title section-title-normal\"><span class=\"section-title-main\">T\u00edch h\u1ee3p v\u00e0o c\u00e1c k\u1ecbch b\u1ea3n s\u1ed1ng ti\u1ec7n \u00edch kh\u00e1c<\/span><\/h2>\n<\/div>\n<p>M\u1ed9t b\u1eefa ti\u1ec7c s\u1ebd kh\u00f4ng tr\u1ecdn v\u1eb9n n\u1ebfu ch\u1ec9 c\u00f3 \u00e1nh s\u00e1ng r\u1ef1c r\u1ee1. B\u1ea1n ho\u00e0n to\u00e0n c\u00f3 th\u1ec3 bi\u1ebfn b\u1eefa ti\u1ec7c tr\u1edf n\u00ean s\u00f4i \u0111\u1ed9ng h\u01a1n v\u1edbi h\u1ec7 th\u1ed1ng \u00e2m thanh v\u1edbi nh\u1eefng b\u1ea3n nh\u1ea1c \u201cch\u1ea5t l\u1eeb\u201d, kh\u01a1i d\u1eady s\u1ef1 tham gia h\u00e0o h\u1ee9ng c\u1ee7a kh\u00e1ch m\u1eddi. M\u1ed9t b\u1eefa ti\u1ec7c h\u00f2a \u00e2m \u2013 \u00e1nh s\u00e1ng s\u1ebd di\u1ec5n ra ngay t\u1ea1i nh\u00e0 b\u1ea1n v\u00e0 theo k\u1ecbch b\u1ea3n c\u1ee7a ch\u00ednh b\u1ea1n<\/p>\n\t\t<\/div>\n\t\t\t<\/div>\n\n\t\n\n\t<div id=\"col-1682580195\" class=\"col medium-6 small-12 large-6\"  >\n\t\t<div class=\"col-inner\"  >\n\t\t\t\n\t\t\t\n\t<div class=\"img has-hover x md-x lg-x y md-y lg-y\" id=\"image_618403393\">\n\t\t\t\t\t\t\t\t<div class=\"img-inner dark\" >\n\t\t\t<img loading=\"lazy\" decoding=\"async\" width=\"534\" height=\"391\" src=\"https:\/\/nhathongminhcp.com\/wp-content\/uploads\/2021\/12\/led-ket-hop-cung-thiet-bi-khac.jpg\" class=\"attachment-large size-large\" alt=\"\" srcset=\"https:\/\/nhathongminhcp.com\/wp-content\/uploads\/2021\/12\/led-ket-hop-cung-thiet-bi-khac.jpg 534w, https:\/\/nhathongminhcp.com\/wp-content\/uploads\/2021\/12\/led-ket-hop-cung-thiet-bi-khac-300x220.jpg 300w\" sizes=\"auto, (max-width: 534px) 100vw, 534px\" \/>\t\t\t\t\t\t\n\t\t\t\t\t<\/div>\n\t\t\t\t\t\t\t\t\n<style>\n#image_618403393 {\n  width: 100%;\n}\n<\/style>\n\t<\/div>\n\t\n\t\t<\/div>\n\t\t\t<\/div>\n\n\t\n<\/div>\n\t\t<\/div>\n\n\t\t\n<style>\n#section_73484969 {\n  padding-top: 30px;\n  padding-bottom: 30px;\n}\n<\/style>\n\t<\/section>\n\t\n","protected":false},"excerpt":{"rendered":"","protected":false},"author":1,"featured_media":0,"parent":0,"menu_order":0,"comment_status":"closed","ping_status":"closed","template":"","meta":{"footnotes":""},"yst_prominent_words":[],"class_list":["post-324","page","type-page","status-publish","hentry"],"_links":{"self":[{"href":"https:\/\/nhathongminhcp.com\/index.php\/wp-json\/wp\/v2\/pages\/324","targetHints":{"allow":["GET"]}}],"collection":[{"href":"https:\/\/nhathongminhcp.com\/index.php\/wp-json\/wp\/v2\/pages"}],"about":[{"href":"https:\/\/nhathongminhcp.com\/index.php\/wp-json\/wp\/v2\/types\/page"}],"author":[{"embeddable":true,"href":"https:\/\/nhathongminhcp.com\/index.php\/wp-json\/wp\/v2\/users\/1"}],"replies":[{"embeddable":true,"href":"https:\/\/nhathongminhcp.com\/index.php\/wp-json\/wp\/v2\/comments?post=324"}],"version-history":[{"count":9,"href":"https:\/\/nhathongminhcp.com\/index.php\/wp-json\/wp\/v2\/pages\/324\/revisions"}],"predecessor-version":[{"id":337,"href":"https:\/\/nhathongminhcp.com\/index.php\/wp-json\/wp\/v2\/pages\/324\/revisions\/337"}],"wp:attachment":[{"href":"https:\/\/nhathongminhcp.com\/index.php\/wp-json\/wp\/v2\/media?parent=324"}],"wp:term":[{"taxonomy":"yst_prominent_words","embeddable":true,"href":"https:\/\/nhathongminhcp.com\/index.php\/wp-json\/wp\/v2\/yst_prominent_words?post=324"}],"curies":[{"name":"wp","href":"https:\/\/api.w.org\/{rel}","templated":true}]}}